atest common divisor of u and 14?
14
Let n be (-56)/(-126) - (-4016)/36. Calculate the greatest common factor of n and 308.
28
Let w = 55 + 170. What is the greatest common divisor of w and 375?
75
Suppose -576 + 212 = -2*b + 5*u, 0 = -3*b - 4*u + 592. Calculate the highest common factor of 72 and b.
24
Let c = -40 + 55. What is the greatest common factor of c and 165?
15
Let c(u) = u**2 - 6*u - 3. Let h be c(6). Let t = h - -23. Let r = t - 15. Calculate the highest common factor of r and 5.
5
Let v(m) = 2*m**2 + 9*m - 8. Let k be v(-7). Let a = 54 - k. Suppose -5*i = -d + 258, 2*i - 259 + 22 = -d. What is the highest common divisor of a and d?
27
Let j be -2 + 413/42 - (-2)/12. What is the greatest common divisor of j and 24?
8
Suppose 13 - 11 = -2*g. Let h = -13 + g. Let b = h - -44. Calculate the greatest common factor of b and 30.
30
Let o be ((-36)/8)/(3/(-6)). Let a(g) = -g + 0*g - 4 + 15. Let i be a(-7). Calculate the greatest common divisor of i and o.
9
Suppose 0*m + m + 4*b - 86 = 0, -3*m = 5*b - 265. Calculate the highest common divisor of m and 230.
10
Let j = 2886 + -1581. Calculate the greatest common factor of 87 and j.
87
Let i be (15/6)/(2/4). Suppose -q = -2, -4*r + q - 530 = -2*q. Let g = -111 - r. Calculate the highest common factor of g and i.
5
Let k(d) be the first derivative of 5*d**3/3 - 2*d**2 - 3*d - 7. Let u be k(-2). Calculate the highest common factor of u and 5.
5
Let z(o) = -1674*o**2 - 10 + 0*o + 3*o + 1686*o**2. Let u be z(2). Calculate the greatest common factor of 33 and u.
11
Let u(t) = 4*t**3 - 2*t**2 - t - 1. Let i be u(2). Let d = 2889 + -2882. Calculate the greatest common factor of i and d.
7
Suppose -6 = f - 9. Suppose 4*b + 45 = 9*b + 5*t, b = -3*t + f. What is the highest common divisor of 84 and b?
12
Suppose 3*m + 112 = 5*m. Suppose 2*h = r + 26, 5*h = 3*r - r + 64. Suppose 5*b - 34 = o, 2*b - 5 = -3*o + h. What is the greatest common divisor of m and b?
7
Suppose 0 = 17*a - 3357 + 637. Calculate the greatest common factor of 120 and a.
40
Let d = -1430 - -1442. What is the highest common divisor of d and 39?
3
Let i(o) = 6*o**2 + 28*o - 12. Let c be i(-6). What is the highest common divisor of c and 36?
36
Let c be (-8)/10 + 19012/140. Let o(j) = j**3 + 7*j**2 + 3*j - 3. Let r be o(-6). What is the highest common divisor of r and c?
15
Suppose -5*s = 3*r - 0*s - 80, -2*r + 3*s = -28. Suppose 0 = -2*j + 156 + 64. What is the greatest common factor of r and j?
10
Suppose -36 = -8*a + 6*a + 4*u, -u + 26 = 2*a. Suppose -4*o + 42 = -3*o. What is the highest common factor of o and a?
14
Let g(r) = -5*r**2 - 103*r + 45. Let x be g(-21). Calculate the greatest common factor of x and 11.
1
Suppose -4*a = 5*a - 1512. Calculate the highest common factor of 72 and a.
24
Suppose -3*b = -0 - 3. Let a = -32 - -42. Let y = a + -5. What is the greatest common factor of b and y?
1
Suppose 0 = 5*q + 54 - 74. Let i(u) = u + 18. Let p be i(-16). Calculate the greatest common divisor of q and p.
2
Let u be (2 + -8 - -6) + 1. Suppose 0 = 4*s - 9 + 1. Suppose -22 = -0*d - s*d. Calculate the greatest common divisor of d and u.
1
Suppose 0 = 4*t + 21 - 1, 4*c = -t + 183. Let k = 115 - 82. Suppose 5*y = 25, -c = -5*x + 2*y + k. Calculate the highest common divisor of x and 6.
6
Let o = 767 + -1378. Let r be o/2 + (-12)/24. Let g be (r/27)/((-4)/6). Calculate the highest common divisor of g and 51.
17
Let v = 27 - 9. Let d(t) = t**3 - 16*t**2 + 8*t + 16. Let z be d(16). What is the greatest common factor of v and z?
18
Let w(f) = -14*f + 81. Let n be w(-18). Calculate the greatest common divisor of n and 37.
37
Suppose l = -g + 45, 5*l - 45 = g + 204. Calculate the highest common divisor of 49 and l.
49
Suppose 4*h - 8 + 163 = 5*g, 106 = 3*g - 5*h. Suppose 3*w + q = 43, -4*q + 2 = w - g. Let p = 68 + -42. What is the highest common divisor of p and w?
13
Let p = -5249 + 7755. Calculate the highest common factor of p and 14.
14
Suppose 5*x = 9*x - 16. Suppose -4*m - 16 = x*c, -2*m + 0*c - 3*c = 13. Let r be 15 + 1*(m - 2). What is the highest common divisor of r and 126?
14
Let f(q) = 2 - 7*q - 478*q**2 - 11 + 477*q**2. Let y be f(-4). Suppose -y*k - k + 36 = 0. What is the highest common factor of 27 and k?
9
Let d(a) = -21*a - 2. Let n be d(-5). Let j be (n + -4)/((-6)/(-8)). Suppose -3*g - j = -495. Calculate the highest common factor of g and 11.
11
Suppose 20 = 5*n + 2*r + 52, -5*n = -2*r + 28. Suppose 0 = -5*a + 3*o + 59, 36 = 6*a - 3*a - 2*o. Let k = n + a. Calculate the highest common factor of 1 and k.
1
Let n be 9/12*3*4. Suppose 0 = 3*a - n*a + 72. What is the highest common divisor of 24 and a?
12
Suppose -139 - 191 = -5*f. Suppose -7*k = -54 - 128. Suppose 28 + k = 9*i. Calculate the highest common factor of i and f.
6
Suppose -4*f = -0*f - 4, 523 = 2*a + 3*f. Calculate the greatest common factor of a and 39.
13
Suppose -33*h + 480 = -18*h. What is the greatest common factor of h and 1?
1
Suppose -3*n = 3*l - 18, 10*n - 14*n + 24 = l. Calculate the greatest common divisor of 174 and n.
6
Let z(n) = -2*n**3 - 29*n**2 - 44*n - 60. Let g be z(-13). Calculate the highest common factor of 235 and g.
5
Suppose -11*g - 8*g + 20007 = 0. Calculate the highest common factor of g and 13.
13
Suppose -317 - 31 = -2*p. Suppose -3*g = 3*u - p, -4*g + 2*u + 192 = -40. Let n = g - 32. Calculate the highest common divisor of n and 52.
26
Suppose -11 + 5 = -3*s, -2*z + s = -526. What is the greatest common factor of z and 440?
88
Let z be 6 + (-6)/2 - 0. Suppose 2*f = 13 - z. Suppose 0 = f*c - 42 + 12. What is the highest common divisor of 30 and c?
6
Suppose 0 = -10*a + 261 + 149. What is the greatest common factor of 1271 and a?
41
Suppose v - 4*v = -102. Suppose -5074*j = -5078*j + 8. What is the greatest common factor of v and j?
2
Let t(y) = 88*y - 18. Let n be t(-6). Let l be (n/8)/(36/(-96)). Calculate the greatest common divisor of l and 26.
26
Let o = 177 - 115. Let x = 73 - o. What is the greatest common factor of 33 and x?
11
Suppose -69 = -4*j + 43. Let g be (-1 - j)*(-7 + 0). Calculate the highest common factor of 29 and g.
29
Suppose -5*r = 2*b, -4*b - 3*r + 1 + 13 = 0. Suppose 16 = 8*i - 64. Calculate the greatest common factor of b and i.
5
Let j be (-1 + 20 + -34)/((-3)/13). Calculate the greatest common factor of j and 104.
13
Suppose 4*o + 13*k = 16*k + 9, 0 = -2*o + 2*k + 2. Calculate the highest common divisor of 57 and o.
3
Suppose -10*l = -l - 4248. Suppose -64 + l = 6*s. What is the highest common divisor of s and 17?
17
Suppose -5*w + 43 = s + 142, -4*s + 4*w - 420 = 0. Let z = 8 - s. Let r = -3542 + 3570. Calculate the greatest common divisor of r and z.
28
Let y = 230 + -149. Calculate the greatest common divisor of y and 18.
9
Let q(o) = o**3 + 9*o**2 + o - 19. Let j be q(-8). Suppose h - 4*s = 32, -2*s + j = 4*h - 19. What is the greatest common factor of h and 40?
8
Let p = -74 - -301. Let s = -152 + p. What is the highest common factor of s and 30?
15
Suppose -3*z = -2*d + 6, -z = d + 3*z + 19. Let b be (d - (-2)/1)*12. Let q = 28 + b. Calculate the highest common divisor of q and 128.
16
Let i = 99 + -192. Let h = -9 - i. What is the greatest common divisor of 21 and h?
21
Suppose -29 = -5*o - 3*k, -k - 23 = -5*o - 2*k. What is the greatest common divisor of o and 118?
2
Let v be 1*((-8)/20 + (-24)/(-10)). Let p be (1/(-4)*0 - -9)*v. Calculate the highest common factor of p and 90.
18
Let o be (-7)/2*(-32)/(-28)*-10. What is the highest common divisor of 5 and o?
5
Let r(l) = 2*l**3 + 43*l**2 - l - 64. Let y be r(-18). What is the highest common divisor of 22 and y?
22
Let g(o) = 18*o**2 - o - 3. Let n be g(3). Suppose -3*f + 351 = 6*f. What is the greatest common factor of f and n?
39
Let n be 15/(-20) - (-638)/8. What is the greatest common divisor of 711 and n?
79
Suppose 0 = 23*j - 39*j + 6000. Calculate the highest common divisor of 30 and j.
15
Let c be (-1 - (1 + -3))/(18/90). Suppose -4*t + 5*i = -105, -3*t - 4*i + 45 + 26 = 0. Calculate the greatest common factor of t and c.
5
Let u be (-8624)/84*(-6)/4. Let y = 8 + 14. Calculate the highest common factor of u and y.
22
Suppose 0 = -h + 4 - 0, 5*v + h = 24. Let m be (v/5)/((-12)/(-360)). Let j be 4/(-6) - 11/(-3). What is the highest 